and 45.
15
Calculate the highest common divisor of 100 and 20.
20
What is the highest common divisor of 4329 and 74?
37
Calculate the greatest common factor of 52 and 7423.
13
What is the highest common factor of 522 and 58?
58
What is the highest common divisor of 174 and 20358?
174
Calculate the greatest common factor of 640 and 32.
32
What is the highest common factor of 396 and 324?
36
Calculate the greatest common divisor of 135 and 27.
27
Calculate the greatest common divisor of 64 and 104.
8
What is the greatest common factor of 320 and 20560?
80
Calculate the greatest common factor of 21 and 7.
7
Calculate the greatest common divisor of 45854 and 101.
101
What is the highest common factor of 1701 and 42?
21
Calculate the highest common factor of 760 and 8.
8
Calculate the highest common divisor of 24 and 80.
8
Calculate the greatest common divisor of 781 and 11.
11
What is the highest common divisor of 18 and 54?
18
What is the greatest common divisor of 6 and 6?
6
Calculate the greatest common factor of 1653 and 38.
19
Calculate the greatest common divisor of 32 and 8.
8
Calculate the highest common divisor of 13871 and 143.
143
Calculate the greatest common divisor of 22 and 341.
11
Calculate the greatest common divisor of 1980 and 140.
20
Calculate the greatest common divisor of 1177 and 535.
107
Calculate the highest common divisor of 1428 and 84.
84
What is the highest common factor of 252 and 1428?
84
Calculate the greatest common divisor of 9015 and 3.
3
What is the highest common factor of 84 and 36?
12
What is the greatest common factor of 912 and 57?
57
What is the greatest common factor of 663 and 52?
13
Calculate the greatest common factor of 176 and 132.
44
Calculate the highest common divisor of 2284 and 8.
4
Calculate the highest common divisor of 3507 and 21.
21
Calculate the greatest common divisor of 43480 and 24.
8
What is the greatest common divisor of 84 and 126?
42
What is the greatest common divisor of 9828 and 234?
234
What is the highest common divisor of 1512 and 96?
24
Calculate the highest common factor of 84 and 144.
12
Calculate the highest common divisor of 10 and 25.
5
Calculate the highest common divisor of 176 and 154.
22
Calculate the highest common factor of 43576 and 312.
104
What is the greatest common divisor of 2184 and 16?
8
What is the greatest common factor of 13 and 31?
1
What is the greatest common factor of 24 and 150?
6
What is the greatest common factor of 4 and 28?
4
What is the greatest common factor of 6 and 9?
3
Calculate the greatest common factor of 444 and 48.
12
What is the greatest common divisor of 790 and 130?
10
Calculate the highest common factor of 49 and 21.
7
What is the highest common divisor of 318 and 4293?
159
Calculate the greatest common divisor of 25 and 5575.
25
Calculate the highest common factor of 11 and 7535.
11
Calculate the highest common divisor of 36 and 732.
12
What is the highest common divisor of 14190 and 11?
11
What is the highest common divisor of 333 and 27?
9
What is the greatest common divisor of 392 and 168?
56
What is the highest common factor of 30 and 3?
3
What is the greatest common factor of 25 and 575?
25
Calculate the greatest common divisor of 27 and 747.
9
Calculate the highest common divisor of 12 and 942.
6
Calculate the greatest common factor of 15 and 245.
5
Calculate the greatest common factor of 41 and 2583.
41
Calculate the highest common factor of 6 and 27.
3
Calculate the greatest common divisor of 99 and 165.
33
Calculate the highest common factor of 2964 and 76.
76
Calculate the greatest common divisor of 490 and 10.
10
Calculate the highest common divisor of 1500 and 60.
60
Calculate the highest common divisor of 15234 and 6.
6
What is the highest common factor of 27 and 24?
3
What is the greatest common divisor of 8 and 284?
4
What is the greatest common factor of 45 and 801?
9
What is the greatest common divisor of 981 and 18?
9
What is the greatest common divisor of 542 and 6?
2
Calculate the greatest common factor of 65 and 4160.
65
Calculate the greatest common factor of 58 and 2.
2
What is the greatest common divisor of 36 and 1296?
36
Calculate the highest common divisor of 24 and 534.
6
Calculate the highest common divisor of 1575 and 63.
63
Calculate the highest common factor of 2 and 199.
1
Calculate the greatest common divisor of 56 and 77.
7
Calculate the greatest common divisor of 377 and 26.
13
Calculate the highest common divisor of 90 and 405.
45
Calculate the highest common factor of 3830 and 10.
10
What is the highest common divisor of 54 and 2538?
54
What is the highest common factor of 136 and 48?
8
Calculate the highest common divisor of 10479 and 21.
21
What is the greatest common divisor of 6889 and 83?
83
What is the highest common factor of 88 and 671?
11
What is the greatest common divisor of 12 and 24?
12
Calculate the greatest common divisor of 8 and 88.
8
What is the highest common factor of 98 and 1519?
49
Calculate the highest common divisor of 13 and 6019.
13
What is the highest common factor of 429 and 1144?
143
Calculate the highest common divisor of 944 and 59.
59
Calculate the greatest common divisor of 21 and 7.
7
Calculate the greatest common factor of 44 and 100.
4
Calculate the greatest common divisor of 237 and 632.
79
What is the greatest common divisor of 600 and 30?
30
What is the greatest common factor of 172 and 559?
43
Calculate the highest common divisor of 117 and 22035.
39
Calculate the highest common divisor of 62 and 434.
62
Calculate the highest common divisor of 3017 and 7.
7
What is the highest common factor of 9852 and 12?
12
Calculate the highest common divisor of 11 and 1331.
11
Calculate the greatest common factor of 2 and 614.
2
Calculate the highest common divisor of 2026 and 2.
2
Calculate the highest common factor of 8144 and 32.
16
What is the greatest common divisor of 648 and 264?
24
What is the greatest common factor of 75 and 60?
15
Calculate the highest common factor of 6 and 87.
3
Calculate the highest common divisor of 18 and 1746.
18
Calculate the highest common factor of 1464 and 24.
24
What is the greatest common factor of 53 and 53?
53
Calculate the greatest common factor of 182 and 5369.
91
Calculate the highest common factor of 90 and 8730.
90
What is the greatest common factor of 118 and 12154?
118
What is the highest common factor of 231 and 528?
33
What is the greatest common divisor of 3056 and 64?
16
What is the highest common factor of 20 and 1270?
10
What is the greatest common divisor of 4142 and 1199?
109
Calculate the highest common factor of 1 and 43.
1
Calculate the greatest common factor of 185 and 148.
37
What is the greatest common factor of 10 and 28?
2
Calculate the highest common divisor of 13 and 169.
13
What is the greatest common factor of 885 and 180?
15
Calculate the highest common divisor of 23 and 3.
1
Calculate the greatest common divisor of 63 and 7.
7
What is the greatest common factor of 4929 and 2067?
159
What is the greatest common divisor of 16 and 64?
16
Calculate the highest common factor of 5 and 4745.
5
Calculate the greatest common divisor of 5 and 185.
5
Calculate the highest common divisor of 946 and 22.
22
Calculate the greatest common divisor of 348 and 116.
116
Calculate the greatest common divisor of 2397 and 51.
51
What is the highest common factor of 9 and 63?
9
Calculate the highest common divisor of 2827 and 33.
11
Calculate the greatest common factor of 203 and 7.
7
What is the highest common divisor of 33 and 16808?
11
What is the highest common factor of 33 and 176?
11
What is the greatest common divisor of 1232 and 70?
14
Calculate the highest common factor of 306 and 1666.
34
Calculate the greatest common factor of 2895 and 120.
15
What is the highest common factor of 532 and 252?
28
Calculate the highest common divisor of 46 and 3979.
23
What is the highest common factor of 72 and 81?
9
Calculate the greatest common divisor of 861 and 1029.
21
Calculate the greatest common divisor of 120 and 705.
15
Calculate the highest common divisor of 7 and 154.
7
What is the highest common divisor of 26 and 10582?
26
What is the highest common divisor of 4 and 106?
2
What is the highest common factor of 63